 - 4815. Let i = 1553 + z. Is i a multiple of 87?
False
Let a be 38 + (-1)/1 - (-2)/2. Let b(z) = 18*z + a + 15*z - 33. Is b(2) a multiple of 8?
False
Let k(o) = -o**3 - 11*o**2 - 12*o - 18. Suppose -6*b - 100 = 4*b. Let l be k(b). Suppose -i + 2 = 0, -l*i = 4*c + 3*i - 290. Is 14 a factor of c?
True
Let s = -3249 - -15789. Is s a multiple of 209?
True
Suppose 377*k - 375*k - 3098 = -2*c, k + 3104 = 2*c. Is c a multiple of 47?
True
Does 19 divide (-14015)/(2/(-4)*27/((-243)/(-6)))?
False
Suppose -3718 = -84*h + 75914. Does 2 divide h?
True
Suppose 2*q - 2982 = -q. Let r = q + -433. Suppose -4*g = 145 - r. Is g a multiple of 26?
True
Let i = 143 + -129. Let s(b) = 10 - b - 5*b**2 + 29*b**2 - i. Is 39 a factor of s(3)?
False
Let g(p) = 2*p**2 - 44*p + 10. Let w(y) = -2*y + 28. Let n be w(3). Let q be g(n). Is 42 a factor of ((-12)/q)/(19/(-1995))?
True
Suppose 8 = 7*f - 8*f + 5*m, 5*m - 14 = 3*f. Let g(v) = -91*v - 126. Is 7 a factor of g(f)?
True
Let c(x) = 5*x**2 + 6*x - 12. Let a be c(3). Let f be ((-42)/9)/((-2)/a). Let q = f + -60. Is 28 a factor of q?
False
Is 7 + (4 - (-6 + 17)) - -4557 a multiple of 93?
True
Let x = -5952 - -23004. Is 49 a factor of x?
True
Let l = -9 - -13. Suppose -l*v + 3*v = -16. Suppose -12*b = -v*b + 100. Is b a multiple of 6?
False
Let d = -43 - -83. Let p = d - 36. Is 18 a factor of 1082/10 - p/20?
True
Suppose 19*a + 7*a = -8*a + 429216. Is 24 a factor of a?
True
Suppose 0*o = 7*o + 735. Let n = 30 + o. Let c = n - -90. Does 3 divide c?
True
Let q be 2 - 0*((-33)/6 - -6). Let h(a) = a + 10. Let d be h(-6). Suppose w = -u + 44, 0 = -q*w - d*u + 75 + 21. Is w a multiple of 10?
True
Suppose -5*v - 3 = -63. Let z(n) = n**3 - 10*n**2 - 5*n + 36. Is z(v) a multiple of 12?
True
Suppose 3*p - 22 + 3 = -5*m, -p + 3 = 0. Suppose 840 = -m*g + 5*g. Does 28 divide g?
True
Let u = -3931 + 7932. Is 150 a factor of u?
False
Suppose -61*d + 311844 = -66722. Does 107 divide d?
True
Let x(k) = k. Let n = 30 - 28. Let q be x(n). Is 3 a factor of q + 124/16 - 1/(-4)?
False
Suppose -24 = -3*u - 5*s, -2*u + 0*s - 6 = -4*s. Suppose -4*d = 16, u*x - 2*d = -6*d + 512. Let k = -83 + x. Is 10 a factor of k?
False
Let m(w) = -2*w**2 + 9*w - 10. Let c be m(5). Let z be 1/((-482)/3840 - 2/c). Suppose 2*q - 5*q = 6, -5*a = -4*q - z. Is 10 a factor of a?
False
Let j = 9 + -5. Suppose 3*n - b + 1 - 9 = 0, 5*n - j*b = 11. Suppose 162 - 63 = n*v. Is v a multiple of 5?
False
Let u = 39 - 33. Let j be (4/3)/(u/(-36)). Does 24 divide (-2)/j*0 + 120?
True
Suppose 65537 = 29*v + 374. Suppose 5*t - 3*t - x = 1119, -4*t - x + v = 0. Does 11 divide t?
True
Suppose -5*y + 2211 = k - 6514, -3*k = -5*y + 8705. Suppose -y = -5*n + 1051. Is 36 a factor of n?
False
Suppose 15*t = 32*t - 102. Suppose 515 = 5*i - 5*k, t*i + 4*k = 8*i - 206. Is i a multiple of 6?
False
Suppose -k - 4*q = 24, -5*k - 2*q - 101 + 17 = 0. Let i = 35 + k. Let l = i - 9. Is 2 a factor of l?
True
Suppose 3*i - 2 = 7. Suppose -5*g + 750 = 4*p - i*p, p = g - 144. Let m = g + -24. Is m a multiple of 12?
False
Suppose 23 = 10*r - 47. Suppose -4*s - 12 = -r*s. Suppose -2*i = 3*u + 2*i - 747, -2*u + 502 = s*i. Is 35 a factor of u?
True
Let j be 26/(2*(-2)/(-4)). Suppose 0 = 3*m + 4*r + 8, -3*r - j = -4*m - r. Suppose m*s - v = -0*s + 61, -2*s + 38 = 2*v. Is s a multiple of 4?
True
Let n(u) = 51*u**3 + 3*u**2 + 2*u - 9. Let i be n(2). Let l = i - 64. Does 42 divide l?
False
Let d = -1197 - -1258. Suppose -m + 7 + 2 = 4*u, -2*u + 12 = -2*m. Suppose -4*o + 5*h = -49, 4*o - u*h + 2*h - d = 0. Is 4 a factor of o?
True
Let d(k) = 2148*k - 1330. Does 80 divide d(5)?
False
Suppose w + 117*c - 120*c - 19419 = 0, 0 = 5*w + 2*c - 97061. Is 27 a factor of w?
True
Suppose -6 = 5*p - 16, -5*d = p - 17. Suppose -2*c + 2*k = -0*k - 514, d*c - 4*k - 772 = 0. Suppose -2*h - h - 5*o + c = 0, -h = 2*o - 86. Does 4 divide h?
False
Let d be (-1 + (-18)/(-12))*20. Suppose 4*k - 16 = 0, -d*f = -9*f + 3*k - 82. Is f a multiple of 5?
True
Suppose c + 4*p = 8, 2*c + p = 4*c + 2. Is 6 a factor of -2 - c - (700/(-10) + 8)?
True
Suppose 4*u = 3*t + 5 - 17, -t + 3*u = -4. Let l be ((-12)/(-2) - -4)/(-1). Does 4 divide t*((-64)/(-34) - l/85)?
True
Let n = -53 + 65. Suppose 0 = -u + 5 + n. Suppose 14*j - u*j + 252 = 0. Is 21 a factor of j?
True
Suppose -u + 26 = -62. Suppose -u = t - 35. Let b = t + 117. Is b a multiple of 10?
False
Let v(z) = 31*z**2 + 114*z - 847. Is v(8) a multiple of 36?
False
Suppose 0*n + 15 = 3*n. Suppose -2*d = -t - 510, d - t - 152 = 103. Suppose -n = 2*q - d. Does 7 divide q?
False
Suppose -5*x = -5*g - 8395, -56*g - 8404 = -5*x - 54*g. Is 2 a factor of x?
True
Suppose 3*x - 2*h - 255 = 14001, 0 = -3*x - 3*h + 14211. Is 6 a factor of x?
True
Suppose -5 = -4*z - 4*j + 7, 4*j - 12 = 0. Suppose 0 = i + 3*g + 2 - 5, -4*i - 2*g + 32 = z. Is i a multiple of 4?
False
Suppose 5*d + 5*w - 25590 = 0, -d + 1150 + 4000 = 5*w. Is d a multiple of 14?
True
Let a(f) = -82*f - 1942. Does 106 divide a(-56)?
True
Suppose -3*v = 224 - 257. Is v + -5 - (-2 - 472) a multiple of 40?
True
Let v be -6 - -265 - (-6 + 2 + 2). Suppose 5516 = v*m - 247*m. Is 4 a factor of m?
False
Suppose 0 = -24*x + 307998 + 243546. Does 49 divide x?
True
Let g(s) = -s**2 + 9*s + 11. Let n be g(10). Let o(w) = 72*w**2 + 42*w**2 + w - 9*w**2 - 1. Is o(n) a multiple of 8?
False
Let j be ((-8)/(-1))/(5/(-10)). Is j/(-12) - (532/(-6) + 1) a multiple of 27?
False
Suppose -p - 4 = -2*x - 0*p, -3*p + 12 = 0. Is 17 a factor of (81/x)/(18/336)?
False
Let r = -7 - 15. Let v = -22 - r. Suppose -p - 5*p + 462 = v. Is 11 a factor of p?
True
Suppose 0 = -4*m + b + 36, -3*m + 5*b + 11 + 16 = 0. Let f(h) = h**2 - 7*h - 4. Let s be f(m). Suppose -952 = -s*x - 42. Is x a multiple of 12?
False
Let k = -5651 + 8979. Does 8 divide k/72 + 10 - 4/18?
True
Let c be (-2)/4*(27 + -35). Suppose 3*w - 314 = -4*i, 0 = 4*i + c*w - 6*w - 324. Is i a multiple of 36?
False
Suppose 2*c + 24 = -4*g - 24, -3*g - 10 = -5*c. Is (g - -9)*-7*312/14 a multiple of 13?
True
Let w = 38 + -36. Let o be -2*(-1)/2 - (w - 3). Suppose -o*i + 90 = -4*h, -4*i + 5*h + 158 = -31. Does 16 divide i?
False
Let c(i) = 315*i + 633. Is c(7) a multiple of 86?
True
Let i = 31 - 15. Let t = 4349 + -4214. Is (t/(-36))/(((-6)/i)/1) a multiple of 10?
True
Suppose -5*w + 227 = 17. Suppose 2*b = -4*b + w. Suppose 3*l - 513 = -b*t + 4*t, 2*t = l + 357. Is 17 a factor of t?
False
Let k = 34635 + -10148. Does 28 divide k?
False
Suppose 0 = 2*o + 3*l - 181, l = -5*o + 10*o - 478. Let s = 321 + o. Is 13 a factor of s?
True
Let y(o) = 3*o + 3. Let l be y(3). Suppose l - 15 = -f. Does 52 divide 6097/39 - 1/f?
True
Let t = -115 - -123. Suppose 3*b + 2*j - t = 7, 5*b + 4*j - 27 = 0. Suppose 3*i + 5*r - 91 - 32 = 0, -2*i + 83 = b*r. Is 31 a factor of i?
False
Let l = 38512 + -11143. Does 47 divide l?
False
Let p(w) = w**2 - 15*w + 8. Suppose 3*x + 23 = 209. Suppose -m - x = -4*y, 90 = 4*y + y + 5*m. Is p(y) a multiple of 4?
True
Does 206 divide 3 - (1 - (1*6 + 33000 + 29))?
False
Let z = -19414 - -24034. Does 44 divide z?
True
Let n be -2*((-9)/6 + -4). Let s(d) = 3*d**2 - 24*d - 20. Is s(n) a multiple of 3?
False
Suppose -2*z + 83 - 111 = 0. Let f(y) = y**3 + 16*y**2 + 5*y - 34. Is 36 a factor of f(z)?
True
Let s = 8329 - 4336. Does 14 divide s?
False
Let f(k) = -k**3 + 124*k**2 - 136*k - 86. Does 159 divide f(122)?
False
Suppose 0 = -10*z - 0 + 50. Suppose 500 = 2*x + z*c, -4*c - 536 = -2*x - 0*c. Is x a multiple of 26?
True
Suppose -3*b + 24255 = -3*s, 31178 = 4*b - 2*s - 1172. Does 21 divide b?
False
Let s(f) = 2*f**2 - 7*f + 6. Let x be 9 + 0/(4/1). Suppose x*y = 7*y + 12. Is 18 a factor of s(y)?
True
Let j(o) = o**3 - 2*o**2 - o + 290. Let k(l) = l**3 - 21*l**2 + 4*l - 84. Let m be k(21). Does 10 divide j(m)?
True
Let z be (-4758)/(-33) - 4/22. Let q be (3/2)/(69/184). Suppose -5*i = -q*d + z, 0 = -d + 4*d + 5*i - 108. Does 17 divide d?
False
Let t be (2 - (-7)/((-126)/24))*6. Suppose -x = t*o - 479, 0 = 14*o - 11*o + 5*x - 355. Is 21 a factor of o?
False
Suppose 0 = -206*s + 213*s - 140. Let b(c) = -c**3 + 20*c**2 + 17*c + 52. Is b(s) a multiple of 22?
False
Let p(n) = -n**2 - 26*n + 30. Suppose -4*v = 5*y + 118, 2*y - 71 = 3*v + 6. Let h be p(v). Suppose 45 = h*l - t, -l - t - 4*t + 31 = 0. Is l a multiple